*h. Let d(f) = -18*f - 33. Give d(h).
57
Suppose 14 = 13*f - 8*f + 4*b, -3*b = f - 5. Suppose -16 = -9*v + f. Let k(s) = -1 + 0 + 0 - 2*s + s**3. What is k(v)?
3
Let t(i) = -6*i + 63 - i**2 - 33 - 43 + 0*i. Let k = 163 + -167. Give t(k).
-5
Let v be 840/294 - (12/(-28))/3. Let b(n) be the first derivative of -14 - 1/2*n**2 + 10*n - 1/3*n**v. Calculate b(0).
10
Let p(z) = -5*z + 2. Let j(h) = 4*h - 1. Let k(x) = -3*j(x) - 2*p(x). Let a = -22198 + 22197. Calculate k(a).
1
Let x(g) = g**2 + 19*g + 8. Suppose 379*t = 62*t - 170*t - 9740. Calculate x(t).
28
Let t(y) = 86*y - 2. Let j be t(0). Let h be (-2)/j*((10 - 6) + 4). Let s(l) = l**3 - 7*l**2 - 9*l + 13. Give s(h).
5
Let x(s) = 19*s**2 + 5*s - 2. Let v be x(1). Let z(b) = -8 + v*b - 12*b - 11*b. Let g be 4/22 - (-474)/(-66). What is z(g)?
-1
Let d(j) = -j - 45. Let c be d(12). Let h = c + 56. Let a(y) = -2*y**2 - y - 1. Determine a(h).
-2
Let z(r) = r**2 + 4*r + 6. Let s be z(-3). Let y(w) = -5 - 115*w + 116*w - 5 + s. Determine y(-10).
-17
Let i = 1 - 8. Suppose 0 = 2*l - 4. Let f(g) = 11 - 4*g**2 + 9*g - 3 + 2*g**l - g**3 - 4*g**2. What is f(i)?
-6
Let f(u) be the third derivative of -u**5/60 + 5*u**4/24 - u**3/3 - 1606*u**2. Give f(-3).
-26
Let t = -117 - -123. Let j(f) = t - 1 + 8329*f - f**2 - 8340*f. Give j(-9).
23
Suppose 26 = -24*m + 74. Let u(g) = -3*g + 11*g**2 + 2*g + m*g - 4*g - 12*g**2. Determine u(-3).
0
Let x(l) = 67 - 140 + 57 + 3*l - 2*l + 3*l. Let f be 4/(-28) + (348/14)/6. Give x(f).
0
Let i(a) = 24*a - 3*a - 7*a - 10*a + 1 - a. Let c be (15/(-4) - -3)*4. Give i(c).
-8
Let x(r) = -21*r**2 - 4*r - 28. Let j(c) = -10*c**2 - 2*c - 15. Let o(i) = -5*j(i) + 3*x(i). Determine o(-2).
-57
Let i(s) = -s + 10. Let t(l) = 65*l - 31. Let m be t(13). Let d = m - 807. What is i(d)?
3
Let g(w) be the first derivative of 2*w + 1/4*w**4 + 7/3*w**3 + 37 + 1/2*w**2. Suppose 3*p + 4 = -17. Give g(p).
-5
Let m(j) = 2 - 1 - 5 + 4*j. Let l = 489 + -441. Suppose h + 51 = l. What is m(h)?
-16
Let z = -121 - -123. Let n be (10/(-5))/(z/(-3)). Let c(u) = 0 + 6*u**2 - n + 1050*u**3 - 1051*u**3. Calculate c(6).
-3
Let x(q) = 3*q - 52. Let r be ((-12)/4 + (-42)/(-12))*0. Give x(r).
-52
Let y be (2/4)/(1/12). Let u(x) be the third derivative of -x**5/60 + 5*x**4/24 + x**3 + 1616*x**2 + 2. What is u(y)?
0
Let c(j) be the third derivative of 0*j + 0 - 8*j**2 - 1/6*j**3 - 1/24*j**4. Let q be c(4). Let g(f) = 3*f - 1. Calculate g(q).
-16
Let r(u) = -2 + 3 - 4 + 4*u. Suppose -5*z + 118 = -4*x, 0 = 17*z - 19*z + 5*x + 54. Let m be (z/(-77))/(1/(-7)). Calculate r(m).
5
Let l(y) = 127*y**3 - 9*y**2 - 13*y + 2. Let g(z) = -203*z**3 + 14*z**2 + 20*z - 3. Let c(p) = -5*g(p) - 8*l(p). What is c(3)?
2
Let m = 11301 + -11283. Let o(d) = d + 22. Determine o(m).
40
Suppose -10*n + 44 = n. Let p(r) be the third derivative of 3/2*r**3 + 1/24*r**n + 16*r**2 + 0*r + 0. Give p(-6).
3
Let t(m) be the first derivative of m**4/4 + 4*m**3/3 + m**2 + 2*m - 452. Let a be (-2)/(-5)*(-7 + -3). Calculate t(a).
-6
Suppose l + 3 = 14. Let b(f) = 21 - 24 - 8*f**2 + f**3 - l*f + 16. Give b(9).
-5
Suppose -42*k = -k + 26*k - 134. Let m(p) be the third derivative of 5*p**4/8 - p**3/2 + 2*p**2. Calculate m(k).
27
Let d(r) be the third derivative of r**4/2 - 14*r**3/3 - 23*r**2 + r + 22. Determine d(7).
56
Let o(z) = z**3 + 8*z**2 + 5*z - 2. Let k be (-1815)/255 - (-18)/153. Determine o(k).
12
Let z(p) = p + 4. Let m(g) = -3*g**3 - 4*g**2 - 2*g + 3. Let t be m(-1). Let y be 3*90/27*(-2)/t. Calculate z(y).
-1
Let f(t) be the second derivative of t**5/20 + 7*t**4/12 + 7*t**2/2 - 1711*t. Calculate f(-7).
7
Let t be 6 + 0 + (47 - 48). Suppose h - 9 + 43 = t*z, 4*h + 5*z + 11 = 0. Let o(c) = c**3 + 8*c**2 - 11*c + 1. What is o(h)?
19
Let y(q) = q - 1. Let p be y(2). Let x(d) be the first derivative of d - 3/2*d**2 - 91. Calculate x(p).
-2
Suppose -259 = -119*q - 136 + 1067. Let b(u) = -4*u**2 + 35*u + 4. What is b(q)?
-46
Suppose 3*w - 4 = 2. Let p(f) = -5*f**2 - 6*f - 154. Let n(k) = -11*k**2 - 15*k - 359. Let z(o) = 3*n(o) - 7*p(o). Give z(w).
3
Let h(z) = z - 1. Let f(m) = -5*m + 19. Let n(p) = f(p) + 6*h(p). Suppose 10*b + 176 = -6*b. Calculate n(b).
2
Let b be (-133920)/315 + 1/7. Let l = 421 + b. Let i(y) = y + 8. What is i(l)?
4
Let a be ((-627)/418)/((-1)/((-14)/(-3))). Let l(o) = o**2 - o - 11. Determine l(a).
31
Let j(y) = -175*y - 1223. Let s be j(-7). Let d(v) be the third derivative of 7/24*v**4 + 0 + 0*v - v**s + 0*v**3. Give d(2).
14
Let h(a) = -a**2 + a. Suppose 3*i = -11 + 5, 2*b = -5*i - 82. Let v be (-24)/b*(9 - 3). Give h(v).
-12
Let m(z) = 4*z + 1. Let d(v) = -30*v + 20. Let f(c) = -2*d(c) - 14*m(c). Determine f(13).
-2
Suppose 2*d = c + 3*c + 8, -21 = -3*d + 3*c. Let j(o) = 34*o + d - 93*o + 26*o + 34*o. Give j(-7).
3
Suppose z + 1 = -686*d + 687*d, 3*d - 5 = 5*z. Let a(g) = 88*g**2 - g + 1. What is a(z)?
90
Let w(d) be the second derivative of 82*d + 0*d**2 + 1/6*d**3 + 0 - 3/20*d**5 - 1/6*d**4. Give w(1).
-4
Let w = 14782 - 14787. Let x(q) = 4*q + 1. Let j(k) = -5*k. Let u(t) = -2*j(t) - 3*x(t). Give u(w).
7
Let h(u) = -u + 15. Suppose m - 14 = -13, 4*t + 9*m = 73. Determine h(t).
-1
Let y(z) = -z + 1. Let r(p) = -3*p - 10. Let a(o) = -r(o) + 6*y(o). Let w be a(6). Let d(l) be the first derivative of 13*l**2/2 - 40. Determine d(w).
-26
Let q(o) be the third derivative of -21*o**2 + 0*o**3 + 0 + 1/60*o**5 - 1/8*o**4 - o. Calculate q(6).
18
Let o(s) = s**3 - 8*s**2 + 2*s - 15. Suppose c - 11 = l, 131 = 3*c - 4*l + 96. What is o(c)?
84
Let v(n) = 126*n - 321. Let d(j) = 26*j - 65. Let r(s) = 29*d(s) - 6*v(s). What is r(-7)?
55
Let p(l) = l + 11. Let h(i) = 6*i + 56. Let j = -6 + 22. Let g be 3 - (10/(-5) + j). Let c(m) = g*p(m) + 2*h(m). Give c(0).
-9
Let k = 10 - 25. Let b = k - -15. Let f(y) = 0*y**3 - 13 + 30 + 0*y + 0*y - y**3. What is f(b)?
17
Let w(i) = i**2 + 20*i - 191. Let n(x) = -x**2 + 171*x + 3583. Let q be n(-19). Determine w(q).
-2
Let o(w) be the first derivative of 3*w**2 - 97*w - 1222. Calculate o(16).
-1
Let o(d) = 49*d**2 - 24*d + 40. Let r(i) = -41*i**2 + 24*i - 41. Let g(t) = 5*o(t) + 6*r(t). Calculate g(24).
-46
Let h(q) = -2*q - 100. Let w be ((-5418)/(-1134))/((-4)/36). Give h(w).
-14
Let n(a) = -32*a + 26. Let g(y) = -38*y + 27. Let z(x) = -5*g(x) + 6*n(x). What is z(6)?
9
Let l = -721 + 1245. Let h = -523 + l. Let z(c) = -18*c**3 + c**2. Determine z(h).
-17
Let r(h) = 20*h - 1. Let y(s) = 2*s**2 - 40*s - 20. Let j(x) = -2*r(x) - y(x). Calculate j(6).
-50
Let m(w) = -2*w + 4. Let x be m(0). Suppose n = d - 0*n + 10, -5*d - x*n = 32. Let i(u) = 3*u + 3. What is i(d)?
-21
Let g(l) = l**3 - 2*l**2 - 9*l + 26. Let m be g(-3). Let o(k) = -13*k + 24. Determine o(m).
-80
Let m(r) be the first derivative of r**4 - r**2 - r + 2. Let o(d) = 6*d - 57. Let s be o(-6). Let a = s - -92. What is m(a)?
-3
Let s(o) = -o**2 - 82*o + 1810. Let q be s(18). Let p(u) be the third derivative of u**4/24 - 8*u**3/3 + 8*u**2. Give p(q).
-6
Let v(q) be the second derivative of -q**5/20 + 4*q**4/3 - 5*q**3/2 + 5*q**2/2 + 609*q + 1. Determine v(15).
5
Let q(k) = k**3 + 4*k**2 + k - 2. Let u be -4 - (0 - (2 - -2)). Suppose b = -f - 21, f + u*b - 4*b = 4. Let r be (-4)/16 - (-44)/f. Give q(r).
4
Suppose 21*v - 6308 = 2*v. Let i(t) = 328*t + v*t + 3 - 661*t. Let a = -5 - -8. What is i(a)?
0
Let m(w) = 4*w**2 - 2*w + 4. Let l be m(2). Let i = -283 - -286. Let k(o) = -25*o**i - l*o**3 + 1 + 29*o**3. What is k(1)?
-11
Suppose -255 = -2*r + 14*r + 3*r. Let g(h) = -4*h - 72. Calculate g(r).
-4
Let f(l) = 71*l**2 + 4*l + l**3 + 65 + 43*l**2 + 71*l**2 - 168*l**2. Calculate f(-17).
-3
Let c(z) = -6*z**3 + 10*z**2 - 19*z - 39. Let y(g) = -5*g**3 + 12*g**2 - 22*g - 39. Let u(q) = -4*c(q) + 5*y(q). Determine u(18).
-3
Let u(a) = -a - 1. Let z = 267 - 267. Let j be (z - 0) + -1 - 42/14. Calculate u(j).
3
Let s(b) = -b**3 - 24*b**2 - 39*b + 109. Let k = 15467 - 15489. Calculate s(k).
-1
Suppose -26*p + 114 + 42 = 0. Let b(w) = 41 + p*w**3 + 3*w - 5*w - 42. Give b(-1).
-5
Let p(c) = c - 9. Let v(b) = b**3 + 15*b**2 - 3*b - 21. Let z be v(-15). Suppose 6 = 3*l - z. Suppose 2*u - 4 = l. Calculate p(u).
-2
Let m(g) = -7*g + 166. Let q be 435/19 - 1 - ((-2088)/(-1102) - 2). Determine m(q).
12
Let u(k) = -k**2 + 6*k + 187. Let a be u(16). Let s(p